Let p(g) = 6*g - 77. Give p(13).
1
Let t(n) = -2*n + 12. Calculate t(8).
-4
Let y(h) = 15*h + 4. Calculate y(-5).
-71
Let m(t) = -t**3 - 7*t**2 + 11*t - 12. Determine m(-9).
51
Let b(l) = -2*l**2 - 5*l + 6. Give b(-5).
-19
Let m(w) = w**2 - 2. Calculate m(0).
-2
Let a(v) = -v**2 - 14*v - 10. What is a(-13)?
3
Let k(y) = 3*y + 13. What is k(-8)?
-11
Let c(v) = -9*v - 38. Give c(-5).
7
Let v(c) = c**2 + 12*c + 6. Determine v(-12).
6
Let z(i) = -i**3 + 7*i**2 + 6*i - 6. Determine z(7).
36
Let l(q) = 2*q + 11. Calculate l(-7).
-3
Let a(l) = 4*l + 299. Give a(-76).
-5
Let v(q) = q**3 + 7*q**2 + 6*q - 13. What is v(-5)?
7
Let a(x) = -11*x. Calculate a(-2).
22
Let d(l) = -l**2 + l - 2. What is d(5)?
-22
Let q(s) = 4*s + 5. Determine q(-5).
-15
Let p(r) = -r**2 - 16*r + 2. What is p(-13)?
41
Let w(z) = 3*z + 32. Calculate w(-11).
-1
Let t(f) = -f**3 + 5*f**2 - 2*f + 6. Calculate t(5).
-4
Let n(i) = -2*i**2 + 4*i + 11. What is n(-4)?
-37
Let q(o) = -o + 57. Determine q(21).
36
Let u(t) = t**2 + 9*t + 11. Calculate u(-10).
21
Let u(r) = r**2 + 5*r + 27. Give u(-6).
33
Let k(y) = -2*y**3 + 89*y**2 - 43*y - 43. Determine k(44).
1
Let o(y) = 3*y**3 + y**2 - 3*y + 2. Give o(-4).
-162
Let s(b) = 3*b**2 + 45*b - 6. What is s(-15)?
-6
Let z(m) = -m**2 - 15*m - 9. Determine z(-14).
5
Let m(j) = -j**2 - 5*j - 8. Give m(-4).
-4
Let r(o) = -23*o - 2. What is r(-2)?
44
Let k(p) = p**2 - 4*p + 4. Give k(13).
121
Let u(r) = 12*r + 662. Calculate u(-54).
14
Let a(w) = -w**3 + 5*w**2 + 2*w - 1. Calculate a(5).
9
Let q(y) = -y**3 + y**2 + 9*y - 1. Give q(4).
-13
Let i(a) = a + 9. What is i(0)?
9
Let r(d) = d**2 + 10*d - 14. Calculate r(-13).
25
Let j(m) = 14*m**2 + 2*m + 1. What is j(-1)?
13
Let a(g) = 11*g + 50. Determine a(-2).
28
Let l(j) = j - 6. What is l(12)?
6
Let f(a) = -7*a**2 + 3*a - 1. Give f(1).
-5
Let n(k) = 3*k + 5. Calculate n(5).
20
Let x(d) = 3*d + 39. What is x(18)?
93
Let q(z) = -114*z**2 - 4*z + 3. What is q(1)?
-115
Let s(y) = -8*y**2 + 9*y. Determine s(5).
-155
Let n(c) = c**2 + c. Give n(0).
0
Let q(t) = 2*t**3 + 7*t**2 + 13*t + 9. Determine q(-4).
-59
Let w(r) = -5*r**2 + 66*r + 63. Determine w(14).
7
Let t(y) = -2*y**2 - 23*y + 23. Determine t(-12).
11
Let z(p) = -p**2 + 11*p + 47. What is z(16)?
-33
Let k(q) = 6*q - 6. What is k(0)?
-6
Let x(n) = -14*n - 1. Give x(-2).
27
Let b(m) = m + 8. Give b(-12).
-4
Let o(x) = 7*x**2 + 3*x + 9. Determine o(-3).
63
Let s(i) = i**2 + 40*i + 64. Give s(-39).
25
Let s(d) = -d**2 + 14*d - 11. Determine s(12).
13
Let b(a) = 3*a - 9. Determine b(-8).
-33
Let o(c) = -39*c**2 - 1. Determine o(1).
-40
Let f(a) = -a**3 - 12*a**2 - 15*a - 36. What is f(-11)?
8
Let z(b) = 3*b**2 - 4*b - 2. What is z(-1)?
5
Let k(i) = 6*i + 34. What is k(-3)?
16
Let z(j) = j**2 - 13*j - 38. What is z(15)?
-8
Let r(l) = -6*l**3 + l**2 + 8*l + 17. Calculate r(-2).
53
Let m(z) = -2*z + 30. What is m(12)?
6
Let j(c) = 4*c + 29. Determine j(-13).
-23
Let s(q) = -79*q**3 - 2*q**2 + 4*q - 2. Give s(1).
-79
Let f(t) = 4*t + 17. What is f(-3)?
5
Let r(o) = -3*o**2 + 2*o + 1. Calculate r(4).
-39
Let w(v) = 6*v + 27. Determine w(-4).
3
Let q(t) = -3*t + 8. Calculate q(7).
-13
Let a(k) = -k**2 + 23*k - 75. Calculate a(20).
-15
Let h(l) = l**3 - 4*l**2 + 5*l - 6. What is h(4)?
14
Let n(t) = -38*t - 1058. Give n(-28).
6
Let g(p) = -p**2 - 2*p + 3. Calculate g(-3).
0
Let w(t) = -2*t**2 + 6*t - 2. Give w(3).
-2
Let h(z) = 125*z + 377. Determine h(-3).
2
Let o(x) = -5*x**2 - 2*x - 1. Calculate o(1).
-8
Let y(f) = f**2 - 3*f - 180. Determine y(-13).
28
Let s(q) = q**3 - 8*q**2 + 4*q + 7. What is s(7)?
-14
Let c(g) = -8*g + 5. What is c(0)?
5
Let p(n) = -4*n**2 + 11*n + 11. What is p(-1)?
-4
Let d(u) = 38*u. What is d(-2)?
-76
Let m(y) = -y**3 - 5*y**2 + y + 5. Give m(-5).
0
Let j(r) = -r**3 - 8*r**2 + 3*r - 13. Give j(-9).
41
Let d(m) = -2*m**2 - 12*m - 2. Determine d(-5).
8
Let w(f) = -2*f**2 + 14*f + 25. Give w(8).
9
Let x(z) = -z + 2. Determine x(-5).
7
Let l(i) = -73*i - 1297. Determine l(-18).
17
Let o(c) = -9*c - 99. Determine o(-13).
18
Let t(r) = r - 3. Calculate t(2).
-1
Let o(p) = p**2 + 16*p - 10. Determine o(-18).
26
Let l(j) = -j**3 + 18*j**2 + 19*j + 7. What is l(19)?
7
Let g(z) = z**2 + 24*z - 59. Calculate g(-24).
-59
Let n(h) = 17*h - 20. Give n(-4).
-88
Let b(u) = u**3 - 33*u + 1. What is b(-6)?
-17
Let w(d) = d - 17. Give w(12).
-5
Let r(f) = -f**3 - 4*f**2 - f + 1. Determine r(-4).
5
Let y(r) = -r**3 + 4*r**2 - r + 2. What is y(3)?
8
Let l(v) = -12*v**2 - v - 7. Give l(-3).
-112
Let p(m) = -20*m + 1. Determine p(2).
-39
Let n(c) = -c**3 + 14*c**2 + 13*c + 24. Calculate n(15).
-6
Let g(a) = a**3 - 11*a**2 + 5*a + 22. Give g(10).
-28
Let x(a) = a**3 - 9*a**2 + 9*a + 1. Determine x(8).
9
Let y(q) = -2*q**2 + 2*q + 3. Determine y(0).
3
Let n(o) = -o**2 + 17*o + 427. Calculate n(31).
-7
Let n(t) = -t**3 - 7*t**2 - 10*t. Give n(-5).
0
Let x(h) = -h**3 - 4*h**2 - 3*h - 6. What is x(-4)?
6
Let c(x) = 2*x**3 - 21*x**2 + 12*x - 21. Give c(10).
-1
Let x(a) = -a**2 - 1. Give x(-5).
-26
Let c(p) = -p**3 - p**2 - 3*p + 13. What is c(0)?
13
Let v(b) = -b**3 + 21*b**2 + 47*b - 27. Determine v(23).
-4
Let v(f) = 2*f**3 - 7*f**2 - 9*f + 4. Determine v(-3).
-86
Let s(h) = -h + 1. What is s(0)?
1
Let l(g) = g**2 + 7*g - 9. Calculate l(-6).
-15
Let f(k) = 10*k - 112. Calculate f(12).
8
Let y(u) = 2*u**3 + 6*u**2 + 3*u + 4. Give y(-4).
-40
Let p(h) = -5*h - 49. Determine p(-13).
16
Let r(z) = 36*z**2 + 2*z + 1. Determine r(-1).
35
Let r(a) = -a**3 + 6*a**2 + a + 37. What is r(7)?
-5
Let x(y) = 2*y**2 - 6*y - 4. Determine x(7).
52
Let g(j) = -5*j + 11. What is g(-10)?
61
Let l(v) = v**2 - v. Calculate l(-4).
20
Let b(k) = -3*k**3 + 27*k**2 + 29*k + 4. Determine b(10).
-6
Let o(t) = -25*t - 9. Determine o(-3).
66
Let r(a) = -a - 16. What is r(7)?
-23
Let m(l) = l**2 - 4*l + 7. Calculate m(5).
12
Let f(z) = -z**2 - 10*z - 17. What is f(-9)?
-8
Let p(q) = 5*q + 21. What is p(-10)?
-29
Let k(j) = j + 27. Give k(-26).
1
Let q(d) = 3*d - 23. Calculate q(10).
7
Let h(v) = -5*v**2 - 36*v - 34. Calculate h(-1).
-3
Let h(z) = 16*z**2 + 7*z + 2. Calculate h(-1).
11
Let j(g) = g**3 + 8*g**2 - 13*g - 109. Determine j(-8).
-5
Let f(l) = l**3 - 16*l**2 - 18*l + 8. Calculate f(17).
-9
Let h(t) = t**2 - 17*t + 10. Give h(17).
10
Let f(t) = 2*t**2 - 11. Give f(-3).
7
Let g(w) = -2*w + 1. Give g(5).
-9
Let s(f) = -f**3 + 4*f**2 + 8*f - 18. Give s(4).
14
Let g(i) = i**3 + 14*i**2 - 5*i + 49. Determine g(-14).
119
Let w(n) = -11*n**2 + 3*n + 1. What is w(-1)?
-13
Let z(i) = 2*i**2 + 19*i - 3. What is z(-9)?
-12
Let t(s) = s**2 - 7*s - 53. What is t(12)?
7
Let a(z) = -16*z**2 - 3*z. Give a(-2).
-58
Let o(q) = q**3 + 9*q**2 - 7*q + 40. Calculate o(-10).
10
Let t(d) = d**3 + 17*d**2 + d + 6. Give t(-17).
-11
Let x(f) = -f**3 + f**2 + 7*f + 6. Calculate x(-2).
4
Let u(c) = -c**2 - 4*c + 7. What is u(-4)?
7
Let c(q) = -q**2 - 24*q + 13. Calculate c(-25).
-12
Let v(d) = 6*d + 4. Give v(0).
4
Let q(u) = -u**3 - 2*u**2 - 2*u + 51. Determine q(0).
51
Let s(b) = 8*b + 5. Give s(7).
61
Let j(i) = i**3 - 11*i**2 + 14*i + 43. What is j(9)?
7
Let q(g) = g**3 + 11*g**2 + 9*g + 4. Calculate q(-10).
14
Let j(v) = 6*v**2 - 1. What is j(-1)?
5
Let r(w) = -5*w**2 + 31*w + 3. Determine r(4).
47
Let y(c) = -23*c**2 + 2. Determine y(1).
-21
Let p(c) = 12*c**3 - 2*c + 1. Give p(1).
11
Let l(i) = -i**2 - 24*i + 45. Give l(2).
-7
Let w(s) = -19*s + 11. Give w(-2).
49
Let n(x) = -11*x + 131. Give n(9).
32
Let p(o) = -o**2 + 16*o - 58. Give p(9).
5
Let q(d) = -d**3 - 2*d**2 + 9*d + 9. What is q(-5)?
39
Let h(b) = -b**3 + 11*b**2 + 8*b + 45. Give h(12).
-3
Let t(z) = z**2 + 4*z - 112. Determine t(0).
-112
Let v(z) = -z**2 - 20*z - 21. Calculate v(-15).
54
Let h(n) = -16*n**3 + 2*n**2 - n - 2. What is h(-1)?
17
Let a(t) = t**2 - 23*t + 38. Give a(21).
-4
Let n(m) = m**2 + 2*m - 55. What is n(6)?
-7
Let k(y) = -2*y**3 + 18*y**2 - 16*y - 6. Give k(8).
-6
Let p(z) = 24*z - 247. Give p(10).
-7
Let f(a) = a**2 - 24*a - 174. Determine f(30).
6
Let h(x) = x**3 + 16*x**2 + 14*x - 17. Give h(-15).
-2
Let z(d) = d**2 - 3*d + 27. Determine z(5).
37
Let b(p) = -8*p - 26. Determine b(-2).
-10
Let w(i) = 3*i + 39. Determine w(-28).
-45
Let j(c) = 7*c + 415. Calculate j(-58).
9
Let r(k) = 55*k - 2. Calculate r(-2).
